is d(101)?
1756
Let m(n) = -n**2 + 84*n + 3976. Determine m(-32).
264
Let s(y) = -378*y - 60945. What is s(-161)?
-87
Let t(n) = -13*n**2 + 2842*n - 53943. What is t(21)?
6
Let y(m) = 46*m**2 - 109*m + 24. What is y(3)?
111
Let b(g) = g**2 - 39065*g + 507706. Determine b(13).
30
Let t(d) = -98313*d - 589892. Determine t(-6).
-14
Let o(g) = -2*g**3 + 151*g**2 - 2546*g + 185300. Give o(75).
-25
Let s(g) = 3*g**2 - 101*g - 2194. Calculate s(-15).
-4
Let i(y) = 2*y**2 - 2643*y - 36047. Give i(1335).
-2
Let b(c) = 2*c**2 - 2485*c - 12372. Determine b(-5).
103
Let p(u) = 156*u**2 + 875*u - 876. What is p(1)?
155
Let g(f) = -37*f**2 + 6010*f + 24008. Give g(-4).
-624
Let u(g) = 5*g**2 - 248*g - 1330. Determine u(-5).
35
Let o(c) = 205*c + 19286. Calculate o(-95).
-189
Let a(f) = 4*f**2 + 367*f + 639. Calculate a(-90).
9
Let i(t) = 2*t**2 - 2131*t + 491051. Give i(337).
42
Let q(g) = 3846*g - 103775. Give q(27).
67
Let h(c) = -4578*c - 73222. Determine h(-16).
26
Let a(y) = 7487*y + 22553. Give a(-3).
92
Let j(h) = 5*h**3 + 602*h**2 + 836*h + 349. Calculate j(-119).
-8
Let u(y) = -18*y**2 - 14*y + 1571. Determine u(-22).
-6833
Let f(h) = 82*h - 1613. What is f(18)?
-137
Let f(d) = 436*d + 6967. What is f(-17)?
-445
Let p(w) = -68*w**3 - 5033*w**2 - 69*w - 64. Give p(-74).
-434
Let r(s) = -144*s**2 - 17*s + 51. Calculate r(2).
-559
Let c(a) = -a**3 - 29*a**2 - 200*a - 2532. Give c(-25).
-32
Let t(o) = -2639*o**2 - 461*o - 4. What is t(-1)?
-2182
Let j(k) = 367*k - 8627. Give j(24).
181
Let w(q) = -54*q - 467. Give w(-35).
1423
Let u(h) = 212*h**2 + 1639*h + 1637. Determine u(-1).
210
Let j(h) = -6240*h + 137262. Calculate j(22).
-18
Let g(y) = -y**3 - 181*y**2 - 917*y + 23340. What is g(-175)?
65
Let i(r) = 135*r + 12586. Calculate i(-95).
-239
Let k(x) = -3756*x + 33027. What is k(9)?
-777
Let g(p) = 3*p**3 - 176*p**2 - 553*p - 19. Give g(-3).
-25
Let d(x) = -x**3 - 43*x**2 - 380*x - 3544. What is d(-35)?
-44
Let b(o) = o**3 - 157*o**2 - 1152*o + 226521. What is b(155)?
-89
Let r(v) = v**2 - 412*v + 39407. What is r(261)?
-4
Let q(w) = 2*w**3 + 22*w**2 - 803*w - 7452. Calculate q(-9).
99
Let b(r) = -r**2 - 16367*r - 945705. Determine b(-58).
217
Let s(a) = -2*a**3 - 31*a**2 - 17*a - 35. What is s(-15)?
-5
Let s(m) = -m**2 + 35*m + 6841. What is s(102)?
7
Let j(p) = -6*p**3 - 91*p**2 - 224*p - 557. Determine j(-13).
158
Let v(p) = 78*p + 27. Give v(-8).
-597
Let j(w) = 9*w**2 - 75*w + 172. Calculate j(5).
22
Let u(t) = 90*t**2 - 4977*t + 1114. What is u(55)?
-371
Let a(d) = 8266*d - 247985. Calculate a(30).
-5
Let s(l) = -296*l**2 - 65*l - 132. Give s(-2).
-1186
Let f(m) = -37*m**2 + 905*m - 399. Determine f(24).
9
Let y(v) = -4*v**2 - 175*v + 23517. Give y(56).
1173
Let s(i) = -i**2 - 506*i + 14412. Give s(27).
21
Let h(o) = -651*o + 3234. What is h(5)?
-21
Let q(o) = -3*o**2 + 1049*o - 12143. Give q(12).
13
Let x(c) = -4*c**2 + 11*c + 554. What is x(-19)?
-1099
Let w(v) = v**3 - 141*v**2 + 3850*v + 265. Determine w(37).
339
Let n(j) = -25*j**3 - 1724*j**2 - 632*j - 48377. Determine n(-69).
-8
Let m(x) = 4*x**2 + 4517*x - 13573. What is m(3)?
14
Let y(h) = -862*h - 49116. What is y(-57)?
18
Let k(d) = 2*d**3 + 9*d**2 + 1577*d + 7898. Determine k(-5).
-12
Let z(q) = -2*q**3 + 25*q**2 + 215*q - 24. Determine z(-6).
18
Let a(b) = -14484*b**2 + 246230*b - 33. What is a(17)?
1
Let d(k) = k**3 + 59*k**2 - 3035*k - 17. What is d(33)?
16
Let x(y) = -171*y + 13873. What is x(79)?
364
Let u(x) = 954*x + 416875. What is u(-437)?
-23
Let b(s) = -114*s + 1184. What is b(9)?
158
Let y(d) = -2109*d + 160300. Give y(76).
16
Let z(h) = h**3 + 842*h**2 + 176951*h - 406. Calculate z(-404).
-2
Let s(c) = -2*c**2 - 648*c + 3295. What is s(5)?
5
Let n(a) = -63895*a + 3322520. Give n(52).
-20
Let u(q) = 183*q**2 + 13*q - 18. What is u(2)?
740
Let u(d) = -3801*d - 174748. What is u(-46)?
98
Let g(i) = -13*i**2 - 2519*i + 2970. Determine g(-195).
-150
Let u(p) = -p**3 - 64*p**2 - 472*p + 652. Give u(-10).
-28
Let o(m) = 11*m**2 - 573*m + 181. What is o(47)?
-2451
Let y(c) = -16196*c - 64776. What is y(-4)?
8
Let d(a) = -a**2 + 1269*a + 9015. Determine d(-7).
83
Let z(x) = -10578*x - 550082. Calculate z(-52).
-26
Let f(m) = -9*m**2 + 1108*m - 6652. Calculate f(6).
-328
Let l(f) = f**3 + 90*f**2 - 42927*f + 1321. Give l(167).
-15
Let o(n) = -49156*n - 1278052. What is o(-26)?
4
Let l(g) = -3*g**3 - 21*g**2 + 368*g + 1601. Calculate l(-4).
-15
Let n(v) = 8589*v - 94489. What is n(11)?
-10
Let j(f) = 75*f + 2540. What is j(-23)?
815
Let q(l) = -l**3 + 780*l**2 + 7894*l - 200. Calculate q(-10).
-140
Let c(a) = 669*a - 2464. Calculate c(5).
881
Let f(i) = -334*i + 6266. Determine f(20).
-414
Let k(m) = m**2 + 435*m - 11626. Calculate k(25).
-126
Let a(d) = d**3 + 13*d**2 + 3*d + 606. Determine a(-11).
815
Let l(h) = -16*h**2 + 468*h - 554. Give l(28).
6
Let d(z) = -z**3 - 454*z**2 + 3701*z + 2316. Give d(-462).
6
Let v(l) = -4*l**2 + 157*l + 1226. What is v(0)?
1226
Let j(r) = -16*r**3 + 5*r**2 + 3229*r - 9719. Calculate j(3).
-419
Let r(j) = 3*j**3 + 127*j**2 - 733*j - 615. Determine r(6).
207
Let c(w) = 6936*w + 693470. Determine c(-100).
-130
Let o(u) = 348*u - 1978. Determine o(5).
-238
Let f(m) = -13669*m**2 - 68343*m + 16. Give f(-5).
6
Let y(h) = -1535*h - 339252. Calculate y(-221).
-17
Let i(v) = -1566*v + 78301. Give i(50).
1
Let o(m) = 6336*m + 42891. Calculate o(-7).
-1461
Let w(q) = 127*q**2 - 23985*q - 3379. Give w(189).
23
Let n(u) = 15432*u - 293215. Give n(19).
-7
Let c(w) = 2*w**2 - 18559*w - 74277. What is c(-4)?
-9
Let m(x) = -4*x**3 - 61*x**2 - 1631*x - 24298. Determine m(-15).
-58
Let d(r) = -432*r - 99878. What is d(-231)?
-86
Let b(g) = 2*g**2 + 1422*g - 12706. What is b(9)?
254
Let o(c) = -5271*c + 15947. Calculate o(3).
134
Let w(b) = -6144*b + 98405. Calculate w(16).
101
Let y(s) = -44806*s - 224027. What is y(-5)?
3
Let d(m) = 1114*m**3 - 246*m**2 + 220*m + 26. Calculate d(1).
1114
Let p(b) = b**2 + 5538*b - 296299. What is p(53)?
24
Let b(l) = 42*l + 1511. Give b(-22).
587
Let l(k) = -968*k - 67207. What is l(-69)?
-415
Let n(k) = 545*k + 93743. Give n(-172).
3
Let j(w) = -7*w**3 - 6*w**2 + 1854*w + 3730. Calculate j(-2).
54
Let a(q) = -q**3 + 148*q**2 - 2765*q - 714. Determine a(126).
168
Let u(p) = p**2 - 988*p + 95571. Give u(109).
-240
Let l(b) = 4*b**2 - 6523*b - 13056. What is l(-2)?
6
Let o(j) = -21071*j - 1538175. Give o(-73).
8
Let t(c) = -c**3 - 428*c**2 + 12757*c - 4997. Give t(-456).
19
Let k(y) = -y**3 - 128*y**2 + 13873*y + 2576. Determine k(-198).
2
Let z(n) = 576841*n + 6922049. Give z(-12).
-43
Let d(x) = -142*x + 3031. Calculate d(14).
1043
Let m(t) = -t**2 + 1990*t - 62378. Calculate m(32).
278
Let c(a) = 5936*a + 77932. Give c(-13).
764
Let g(r) = -r**3 - 43*r**2 + 2069*r + 89043. Give g(-45).
-12
Let p(i) = -5*i**2 + 513*i - 4677. Calculate p(92).
199
Let h(r) = 251*r**2 - 18042*r - 2170. Give h(72).
-10
Let t(s) = -s**3 + 203*s**2 - 1107*s + 592. Give t(5).
7
Let m(f) = 70105*f + 70095. Determine m(-1).
-10
Let n(o) = 3437*o + 2113764. Give n(-615).
9
Let d(b) = b**3 + 141*b + 4663. Determine d(-14).
-55
Let w(s) = -22*s**2 + 1107*s - 13854. Calculate w(26).
56
Let q(u) = -u**3 + 342*u**2 + 340*u + 547. What is q(343)?
-482
Let i(n) = 56016*n - 1624527. What is i(29)?
-63
Let b(f) = -64*f - 8021. Determine b(-119).
-405
Let r(b) = -2*b**2 + 315*b + 7340. Give r(-21).
-157
Let a(d) = -d**2 + 558*d + 18264. Calculate a(-31).
5
Let v(j) = -5879*j - 4984. Give v(-1).
895
Let r(q) = 3*q**3 - 621*q**2 + 1782*q + 11020. What is r(204)?
4
Let u(t) = 23555*t + 282584. Determine u(-12).
-76
Let s(f) = -4333*f - 424616. Give s(-98).
18
Let o(h) = 3*h**3 + 25*h**2 + 15161*h - 30426. Give o(2).
20
Let h(r) = -281*r + 960. Give h(8).
-1288
Let x(d) = -323*d - 76922. Give x(-238).
-48
Let y(q) = -1094*q - 34685. What is y(-31)?
-771
Let q(c) = -408*c + 13963. Give q(30).
1723
Let j(p) = 763*p + 8359. What is j(-11)?
-34
Let z(a) = -1099*a - 35709. Calculate z(-33).
558
Let n(h) = -2667*h + 87998. Calculate n(33).
-13
Let f(p) = 47721*p - 4199452. Calculate f(88).
-4
Let n(i) = -7*i**2 - 174*i + 631. Give n(-29).
-210
Let a(d) = -51*d**2 - 409*d - 116. What is a(-13)?
-3418
Let o(t) = -85*t - 4752. Determine o(-16).
-3392
Let h(d) = 186*d**2 -